{"id":21786,"date":"2020-03-03T03:55:46","date_gmt":"2020-03-03T02:55:46","guid":{"rendered":"https:\/\/neocatechumenaleiter.org\/slowa-papiezy\/sw-jan-pawel-ii\/wizytacja-w-parafii-sw-rity-22-1-1984\/"},"modified":"2021-04-15T16:00:29","modified_gmt":"2021-04-15T15:00:29","slug":"wizytacja-w-parafii-sw-rity-22-1-1984","status":"publish","type":"page","link":"https:\/\/neocatechumenaleiter.org\/pl\/slowa-papiezy\/sw-jan-pawel-ii\/wizytacja-w-parafii-sw-rity-22-1-1984\/","title":{"rendered":"WIZYTACJA W PARAFII \u015aW. RITY 22-1-1984"},"content":{"rendered":"\n<h1 class=\"has-text-align-center wp-block-heading\">WIZYTACJA W PARAFII \u015aW. RITY 22-1-1984<\/h1>\n\n<div style=\"height:20px\" aria-hidden=\"true\" class=\"wp-block-spacer\"><\/div>\n\n<h4 class=\"has-text-align-center wp-block-heading\">\u015aw. Jan Pawe\u0142 II<\/h4>\n\n<div style=\"height:20px\" aria-hidden=\"true\" class=\"wp-block-spacer\"><\/div>\n\n<div class=\"wp-block-image\"><figure class=\"alignleft size-large\"><img loading=\"lazy\" decoding=\"async\" width=\"700\" height=\"558\" src=\"https:\/\/neocatechumenaleiter.org\/wp-content\/uploads\/2020\/03\/Camino_Neocatecumenal_Juan_Pablo_II_visita_parroquia_Santa_Rita_1984.jpg\" alt=\"\" class=\"wp-image-5488\" srcset=\"https:\/\/neocatechumenaleiter.org\/wp-content\/uploads\/2020\/03\/Camino_Neocatecumenal_Juan_Pablo_II_visita_parroquia_Santa_Rita_1984.jpg 700w, https:\/\/neocatechumenaleiter.org\/wp-content\/uploads\/2020\/03\/Camino_Neocatecumenal_Juan_Pablo_II_visita_parroquia_Santa_Rita_1984-300x239.jpg 300w\" sizes=\"auto, (max-width: 700px) 100vw, 700px\" \/><\/figure><\/div>\n\n<p><strong>Rzym, 22 stycznia 1984 r.<\/strong><\/p>\n\n<p><em>O. Giuseppe Piervincenzi\u00a0 przedstawi\u0142 Ojcu \u015bwi\u0119temu histori\u0119 wsp\u00f3lnoty: \u017cycie modlitwy, katechez, poznawania Pisma \u015bwi\u0119tego ko\u0144cz\u0105cego si\u0119 konkretn\u0105 misj\u0105 ewangelizacji. M\u0142ody przedstawiciel wsp\u00f3lnot neokatechumenalnych, \u017conaty, z tr\u00f3jk\u0105 dzieci, chcia\u0142 p\u00f3\u017aniej \u015bwiadczy\u0107 o tym, jak dla niego samego odkrycie Ko\u015bcio\u0142a-Matki zbieg\u0142o si\u0119 z osobistym nawr\u00f3ceniem. \u201e\u017by\u0142em przedtem \u2013 powiedzia\u0142 \u2013 w g\u0142\u0119bokiej oboj\u0119tno\u015bci religijnej i w relatywizmie moralnym. Potem Pan zmi\u0142owa\u0142 si\u0119 nade mn\u0105\u201d.<\/em>&#013;\n&#013;\n<em>Jan Pawe\u0142 II w swoim przem\u00f3wieniu podkre\u015bli\u0142, \u017ce:<\/em><\/p>\n\n<p>\u00ab\u2026drogi wiary nie mo\u017cna zatrzyma\u0107 nigdy. Nie mo\u017cna poprzesta\u0107 na chrzcie czy na I komunii \u015bwi\u0119tej, ani na bierzmowaniu, ani na sakramencie ma\u0142\u017ce\u0144stwa. Wiara zawsze powinna by\u0107 drog\u0105. Zawsze powinna by\u0107 odkrywaniem. Poprzez ni\u0105 i jej cuda tak\u017ce my, w pewnym sensie, si\u0119gamy rzeczywisto\u015bci Boga. Neokatechumeni kieruj\u0105 si\u0119 t\u0105 my\u015bl\u0105 i czyni\u0105 wysi\u0142ki, by wzrasta\u0107 bardziej zdecydowanie w wierze osobistej, wsp\u00f3lnotowej, w wierze Ko\u015bcio\u0142a\u00bb.<\/p>\n","protected":false},"excerpt":{"rendered":"<p>WIZYTACJA W PARAFII \u015aW. RITY 22-1-1984 \u015aw. Jan Pawe\u0142 II Rzym, 22 stycznia 1984 r. O. Giuseppe Piervincenzi\u00a0 przedstawi\u0142 Ojcu \u015bwi\u0119temu histori\u0119 wsp\u00f3lnoty: \u017cycie modlitwy, katechez, poznawania Pisma \u015bwi\u0119tego ko\u0144cz\u0105cego si\u0119 konkretn\u0105 misj\u0105 ewangelizacji. M\u0142ody przedstawiciel wsp\u00f3lnot neokatechumenalnych, \u017conaty, z tr\u00f3jk\u0105 dzieci, chcia\u0142 p\u00f3\u017aniej \u015bwiadczy\u0107 o tym, jak dla niego samego odkrycie Ko\u015bcio\u0142a-Matki zbieg\u0142o si\u0119 z osobistym nawr\u00f3ceniem. \u201e\u017by\u0142em przedtem \u2013 powiedzia\u0142 \u2013 w g\u0142\u0119bokiej oboj\u0119tno\u015bci religijnej i w relatywizmie<\/p>\n<div class=\"read-more\"><a class=\"btn read-more-btn\" href=\"https:\/\/neocatechumenaleiter.org\/pl\/slowa-papiezy\/sw-jan-pawel-ii\/wizytacja-w-parafii-sw-rity-22-1-1984\/\">Czytaj dalej<\/a><\/div>\n","protected":false},"author":2,"featured_media":0,"parent":16496,"menu_order":24,"comment_status":"closed","ping_status":"closed","template":"","meta":{"footnotes":""},"class_list":["post-21786","page","type-page","status-publish","hentry"],"_links":{"self":[{"href":"https:\/\/neocatechumenaleiter.org\/pl\/wp-json\/wp\/v2\/pages\/21786","targetHints":{"allow":["GET"]}}],"collection":[{"href":"https:\/\/neocatechumenaleiter.org\/pl\/wp-json\/wp\/v2\/pages"}],"about":[{"href":"https:\/\/neocatechumenaleiter.org\/pl\/wp-json\/wp\/v2\/types\/page"}],"author":[{"embeddable":true,"href":"https:\/\/neocatechumenaleiter.org\/pl\/wp-json\/wp\/v2\/users\/2"}],"replies":[{"embeddable":true,"href":"https:\/\/neocatechumenaleiter.org\/pl\/wp-json\/wp\/v2\/comments?post=21786"}],"version-history":[{"count":7,"href":"https:\/\/neocatechumenaleiter.org\/pl\/wp-json\/wp\/v2\/pages\/21786\/revisions"}],"predecessor-version":[{"id":21793,"href":"https:\/\/neocatechumenaleiter.org\/pl\/wp-json\/wp\/v2\/pages\/21786\/revisions\/21793"}],"up":[{"embeddable":true,"href":"https:\/\/neocatechumenaleiter.org\/pl\/wp-json\/wp\/v2\/pages\/16496"}],"wp:attachment":[{"href":"https:\/\/neocatechumenaleiter.org\/pl\/wp-json\/wp\/v2\/media?parent=21786"}],"curies":[{"name":"wp","href":"https:\/\/api.w.org\/{rel}","templated":true}]}}

WIZYTACJA W PARAFII ŚW. RITY 22-1-1984

<h1 class="has-text-align-center wp-block-heading">WIZYTACJA W PARAFII ŚW. RITY 22-1-1984</h1>

<div style="height:20px" aria-hidden="true" class="wp-block-spacer"></div>

<h4 class="has-text-align-center wp-block-heading">Św. Jan Paweł II</h4>

<div style="height:20px" aria-hidden="true" class="wp-block-spacer"></div>

<div class="wp-block-image"><figure class="alignleft size-large"><img loading="lazy" decoding="async" width="700" height="558" src="https://neocatechumenaleiter.org/wp-content/uploads/2020/03/Camino_Neocatecumenal_Juan_Pablo_II_visita_parroquia_Santa_Rita_1984.jpg" alt="" class="wp-image-5488" srcset="https://neocatechumenaleiter.org/wp-content/uploads/2020/03/Camino_Neocatecumenal_Juan_Pablo_II_visita_parroquia_Santa_Rita_1984.jpg 700w, https://neocatechumenaleiter.org/wp-content/uploads/2020/03/Camino_Neocatecumenal_Juan_Pablo_II_visita_parroquia_Santa_Rita_1984-300x239.jpg 300w" sizes="auto, (max-width: 700px) 100vw, 700px" /></figure></div>

<p><strong>Rzym, 22 stycznia 1984 r.</strong></p>

<p><em>O. Giuseppe Piervincenzi  przedstawił Ojcu świętemu historię wspólnoty: życie modlitwy, katechez, poznawania Pisma świętego kończącego się konkretną misją ewangelizacji. Młody przedstawiciel wspólnot neokatechumenalnych, żonaty, z trójką dzieci, chciał później świadczyć o tym, jak dla niego samego odkrycie Kościoła-Matki zbiegło się z osobistym nawróceniem. „Żyłem przedtem – powiedział – w głębokiej obojętności religijnej i w relatywizmie moralnym. Potem Pan zmiłował się nade mną”.</em>&#013;
&#013;
<em>Jan Paweł II w swoim przemówieniu podkreślił, że:</em></p>

<p>«…drogi wiary nie można zatrzymać nigdy. Nie można poprzestać na chrzcie czy na I komunii świętej, ani na bierzmowaniu, ani na sakramencie małżeństwa. Wiara zawsze powinna być drogą. Zawsze powinna być odkrywaniem. Poprzez nią i jej cuda także my, w pewnym sensie, sięgamy rzeczywistości Boga. Neokatechumeni kierują się tą myślą i czynią wysiłki, by wzrastać bardziej zdecydowanie w wierze osobistej, wspólnotowej, w wierze Kościoła».</p>

<p>WIZYTACJA W PARAFII ŚW. RITY 22-1-1984 Św. Jan Paweł II Rzym, 22 stycznia 1984 r. O. Giuseppe Piervincenzi  przedstawił Ojcu świętemu historię wspólnoty: życie modlitwy, katechez, poznawania Pisma świętego kończącego się konkretną misją ewangelizacji. Młody przedstawiciel wspólnot neokatechumenalnych, żonaty, z trójką dzieci, chciał później świadczyć o tym, jak dla niego samego odkrycie Kościoła-Matki zbiegło się z osobistym nawróceniem. „Żyłem przedtem – powiedział – w głębokiej obojętności religijnej i w relatywizmie</p>
<div class="read-more"><a class="btn read-more-btn" href="https://neocatechumenaleiter.org/pl/slowa-papiezy/sw-jan-pawel-ii/wizytacja-w-parafii-sw-rity-22-1-1984/">Czytaj dalej</a></div>
