{"id":45071,"date":"2023-10-10T09:32:15","date_gmt":"2023-10-10T08:32:15","guid":{"rendered":"https:\/\/neocatechumenaleiter.org\/livro-de-cantos-ressuscitou\/"},"modified":"2025-11-26T02:35:11","modified_gmt":"2025-11-26T01:35:11","slug":"livro-de-canticos-ressuscitou","status":"publish","type":"page","link":"https:\/\/neocatechumenaleiter.org\/por\/livro-de-canticos-ressuscitou\/","title":{"rendered":"Livro de c\u00e2nticos \u2013 Ressuscitou"},"content":{"rendered":"<div class=\"wp-block-image\">\n<figure class=\"aligncenter size-full\"><a href=\"https:\/\/www.ressuscitou.pt\/home\/\"><img decoding=\"async\" src=\"https:\/\/neocatechumenaleiter.org\/wp-content\/uploads\/2025\/10\/caminho-neocatecumenal-cantoral-portada-pt-br-pq-1.png\" alt=\"Camihno Neocatecumenal livro de c&#xE2;nticos &#x2013; Ressuscitou online app Google Play e App Store\" class=\"wp-image-39951\"\/><\/a><\/figure><\/div>\n<div style=\"height:30px\" aria-hidden=\"true\" class=\"wp-block-spacer\"><\/div>\n\n<h4 class=\"wp-block-heading has-text-align-center\"><strong>Livro de c\u00e2nticos \u2013 Ressuscitou<\/strong><\/h4>\n\n<div style=\"height:30px\" aria-hidden=\"true\" class=\"wp-block-spacer\"><\/div>\n\n<p>No CAMINHO NEOCATECUMENAL, vemos surgir hoje um servi\u00e7o humilde e essencial, que \u00e9 o de CANTOR.<\/p>\n\n<p>Ele, neste itiner\u00e1rio de educa\u00e7\u00e3o da f\u00e9, tem a miss\u00e3o de ajudar a criar a comunidade lit\u00fargica, ou melhor, de recri\u00e1-la; de converter tantas vezes uma pluralidade em uma unidade de culto: \u00abA uma s\u00f3 voz, com um s\u00f3 cora\u00e7\u00e3o e com uma s\u00f3 alma\u00bb.<\/p>\n\n<p>Culto espiritual que se expressa na a\u00e7\u00e3o lit\u00fargica da comunidade: fonte constante, em nosso caminhar hist\u00f3rico, do mais profundamente inocente: o sentimento de nossa maldade iluminado pelo inef\u00e1vel do amor de ALGU\u00c9M que nos ama assim, que nos ama ainda que tenhamos sido seus inimigos; fonte da convers\u00e3o,\u00a0fonte\u00a0da\u00a0F\u00c9.<\/p>\n\n<div style=\"height:30px\" aria-hidden=\"true\" class=\"wp-block-spacer\"><\/div>\n\n<hr class=\"wp-block-separator has-alpha-channel-opacity\"\/>\n\n<div style=\"height:30px\" aria-hidden=\"true\" class=\"wp-block-spacer\"><\/div>\r\n\r\n<h3 class=\"wp-block-heading has-text-align-center\">App\u00a0\u00a0dispon\u00edvel<\/h3>\r\n<img loading=\"lazy\" decoding=\"async\" width=\"128\" height=\"80\" src=\"https:\/\/neocatechumenaleiter.org\/wp-content\/uploads\/2025\/10\/caminho-neocatecumenal-bandera-portugal-pq.png\" alt=\"\" class=\"wp-image-44728\"\/><div class=\"wp-block-columns are-vertically-aligned-center is-layout-flex wp-container-core-columns-is-layout-1 wp-block-columns-is-layout-flex\">\r\n   <div class=\"wp-block-column is-vertically-aligned-center is-layout-flow wp-block-column-is-layout-flow\">\r\n\r\n   <div style=\"height:50px\" aria-hidden=\"true\" class=\"wp-block-spacer\"><\/div>\r\n      <a target=\"_blank\" href=\"https:\/\/android.resucito.es\"><img decoding=\"async\" src=\"https:\/\/neocatechumenaleiter.org\/wp-content\/uploads\/2025\/03\/logo-google-play-button.png\" alt=\"\" class=\"wp-image\"\/><\/a>\r\n   <\/div>\r\n\r\n   <div class=\"wp-block-column is-vertically-aligned-center is-layout-flow wp-block-column-is-layout-flow\">\r\n   <div style=\"height:50px\" aria-hidden=\"true\" class=\"wp-block-spacer\"><\/div>\r\n      <a target=\"_blank\" href=\"https:\/\/ios.resucito.es\"><img decoding=\"async\" src=\"https:\/\/neocatechumenaleiter.org\/wp-content\/uploads\/2025\/03\/logo-apple-store-button.png\" alt=\"\" class=\"wp-image\"\/><\/a>\r\n   <\/div>\r\n<\/div>\n\n<hr class=\"wp-block-separator has-alpha-channel-opacity\"\/>\n\n<div class=\"wp-block-columns are-vertically-aligned-center is-layout-flex wp-container-core-columns-is-layout-9d6595d7 wp-block-columns-is-layout-flex\">\n<div class=\"wp-block-column is-vertically-aligned-center cantoral blanco is-layout-flow wp-block-column-is-layout-flow\">\n<div style=\"height:50px\" aria-hidden=\"true\" class=\"wp-block-spacer\"><\/div>\n\n\n\n<h3 class=\"wp-block-heading has-text-align-center\"><a href=\"https:\/\/app.resucito.es\/home?tag=white\">Pr\u00e9-catecumenato<\/a><\/h3>\n\n\n\n<div style=\"height:50px\" aria-hidden=\"true\" class=\"wp-block-spacer\"><\/div>\n<\/div>\n\n\n\n<div class=\"wp-block-column is-vertically-aligned-center cantoral azul is-layout-flow wp-block-column-is-layout-flow\">\n<div style=\"height:50px\" aria-hidden=\"true\" class=\"wp-block-spacer\"><\/div>\n\n\n\n<h3 class=\"wp-block-heading has-text-align-center\"><a href=\"https:\/\/app.resucito.es\/home?tag=blue\">Catecumenato<\/a><\/h3>\n\n\n\n<div style=\"height:47px\" aria-hidden=\"true\" class=\"wp-block-spacer\"><\/div>\n<\/div>\n<\/div>\n\n<div class=\"wp-block-columns are-vertically-aligned-center is-layout-flex wp-container-core-columns-is-layout-9d6595d7 wp-block-columns-is-layout-flex\">\n<div class=\"wp-block-column is-vertically-aligned-center cantoral verde is-layout-flow wp-block-column-is-layout-flow\">\n<div style=\"height:50px\" aria-hidden=\"true\" class=\"wp-block-spacer\"><\/div>\n\n\n\n<h3 class=\"wp-block-heading has-text-align-center\"><a href=\"https:\/\/app.resucito.es\/home?tag=green\">Elei\u00e7\u00e3o<\/a><\/h3>\n\n\n\n<div style=\"height:50px\" aria-hidden=\"true\" class=\"wp-block-spacer\"><\/div>\n<\/div>\n\n\n\n<div class=\"wp-block-column is-vertically-aligned-center cantoral amarillo is-layout-flow wp-block-column-is-layout-flow\">\n<div style=\"height:50px\" aria-hidden=\"true\" class=\"wp-block-spacer\"><\/div>\n\n\n\n<h3 class=\"wp-block-heading has-text-align-center\"><a href=\"https:\/\/app.resucito.es\/home?tag=liturgy\">Liturgia<\/a><\/h3>\n\n\n\n<div style=\"height:50px\" aria-hidden=\"true\" class=\"wp-block-spacer\"><\/div>\n<\/div>\n<\/div>\n\n<hr class=\"wp-block-separator has-alpha-channel-opacity\"\/>\n\n<div style=\"height:30px\" aria-hidden=\"true\" class=\"wp-block-spacer\"><\/div>\n<div class=\"wp-block-image\">\n<figure class=\"aligncenter size-large\"><a href=\"https:\/\/www.ressuscitou.pt\/home\/\"><img decoding=\"async\" src=\"https:\/\/neocatechumenaleiter.org\/wp-content\/uploads\/2025\/10\/caminho-neocatecumenal-cantoral-portada-pt-br.jpg\" alt=\"Livro de c&#xE2;nticos Ressuscitou\" class=\"wp-image-397\"\/><\/a><\/figure><\/div>","protected":false},"excerpt":{"rendered":"<p>Livro de c\u00e2nticos \u2013 Ressuscitou No CAMINHO NEOCATECUMENAL, vemos surgir hoje um servi\u00e7o humilde e essencial, que \u00e9 o de CANTOR. Ele, neste itiner\u00e1rio de educa\u00e7\u00e3o da f\u00e9, tem a miss\u00e3o de ajudar a criar a comunidade lit\u00fargica, ou melhor, de recri\u00e1-la; de converter tantas vezes uma pluralidade em uma unidade de culto: \u00abA uma s\u00f3 voz, com um s\u00f3 cora\u00e7\u00e3o e com uma s\u00f3 alma\u00bb. Culto espiritual que se<\/p>\n<div class=\"read-more\"><a class=\"btn read-more-btn\" href=\"https:\/\/neocatechumenaleiter.org\/por\/livro-de-canticos-ressuscitou\/\">Read More<\/a><\/div>\n","protected":false},"author":2,"featured_media":0,"parent":0,"menu_order":0,"comment_status":"closed","ping_status":"closed","template":"","meta":{"footnotes":""},"class_list":["post-45071","page","type-page","status-publish","hentry"],"_links":{"self":[{"href":"https:\/\/neocatechumenaleiter.org\/por\/wp-json\/wp\/v2\/pages\/45071","targetHints":{"allow":["GET"]}}],"collection":[{"href":"https:\/\/neocatechumenaleiter.org\/por\/wp-json\/wp\/v2\/pages"}],"about":[{"href":"https:\/\/neocatechumenaleiter.org\/por\/wp-json\/wp\/v2\/types\/page"}],"author":[{"embeddable":true,"href":"https:\/\/neocatechumenaleiter.org\/por\/wp-json\/wp\/v2\/users\/2"}],"replies":[{"embeddable":true,"href":"https:\/\/neocatechumenaleiter.org\/por\/wp-json\/wp\/v2\/comments?post=45071"}],"version-history":[{"count":16,"href":"https:\/\/neocatechumenaleiter.org\/por\/wp-json\/wp\/v2\/pages\/45071\/revisions"}],"predecessor-version":[{"id":46017,"href":"https:\/\/neocatechumenaleiter.org\/por\/wp-json\/wp\/v2\/pages\/45071\/revisions\/46017"}],"wp:attachment":[{"href":"https:\/\/neocatechumenaleiter.org\/por\/wp-json\/wp\/v2\/media?parent=45071"}],"curies":[{"name":"wp","href":"https:\/\/api.w.org\/{rel}","templated":true}]}}